2
Calculate the remainder when 57147 is divided by 188.
183
What is the remainder when 23211 is divided by 893?
886
What is the remainder when 2723755 is divided by 1164?
1159
What is the remainder when 10377 is divided by 12?
9
Calculate the remainder when 9004876 is divided by 13.
10
What is the remainder when 2849 is divided by 204?
197
Calculate the remainder when 23615 is divided by 29.
9
What is the remainder when 165 is divided by 37?
17
What is the remainder when 2790 is divided by 2091?
699
What is the remainder when 6298 is divided by 1099?
803
Calculate the remainder when 13192 is divided by 12.
4
What is the remainder when 656518 is divided by 10?
8
What is the remainder when 163032 is divided by 45?
42
What is the remainder when 89789 is divided by 244?
241
Calculate the remainder when 2461634 is divided by 15.
14
What is the remainder when 597103 is divided by 126?
115
What is the remainder when 295779 is divided by 20?
19
What is the remainder when 2467 is divided by 64?
35
What is the remainder when 1214218 is divided by 236?
234
What is the remainder when 6775 is divided by 6131?
644
What is the remainder when 13197 is divided by 6571?
55
Calculate the remainder when 51184 is divided by 17058.
10
Calculate the remainder when 24394 is divided by 11984.
426
Calculate the remainder when 156155 is divided by 435.
425
What is the remainder when 17732 is divided by 770?
22
Calculate the remainder when 13889 is divided by 46.
43
Calculate the remainder when 562 is divided by 274.
14
What is the remainder when 30072 is divided by 813?
804
What is the remainder when 12818 is divided by 674?
12
What is the remainder when 3724 is divided by 496?
252
Calculate the remainder when 3173 is divided by 84.
65
Calculate the remainder when 1659 is divided by 15.
9
What is the remainder when 952 is divided by 371?
210
What is the remainder when 25252 is divided by 3097?
476
What is the remainder when 4512 is divided by 1115?
52
What is the remainder when 73489 is divided by 1289?
16
Calculate the remainder when 3788 is divided by 65.
18
What is the remainder when 14029 is divided by 741?
691
What is the remainder when 178199 is divided by 270?
269
What is the remainder when 14658 is divided by 341?
336
Calculate the remainder when 170138 is divided by 238.
206
What is the remainder when 132320 is divided by 33?
23
Calculate the remainder when 30313 is divided by 1590.
103
Calculate the remainder when 1935 is divided by 918.
99
Calculate the remainder when 5657 is divided by 806.
15
What is the remainder when 21429 is divided by 15?
9
Calculate the remainder when 19536 is divided by 849.
9
Calculate the remainder when 11916 is divided by 592.
76
What is the remainder when 1447119 is divided by 71?
68
Calculate the remainder when 7716564 is divided by 1889.
1888
What is the remainder when 45424 is divided by 164?
160
Calculate the remainder when 12052 is divided by 7.
5
Calculate the remainder when 10499 is divided by 103.
96
What is the remainder when 3331 is divided by 191?
84
Calculate the remainder when 292448 is divided by 32494.
2
Calculate the remainder when 10268 is divided by 1258.
204
What is the remainder when 2258 is divided by 587?
497
What is the remainder when 728 is divided by 68?
48
Calculate the remainder when 41550 is divided by 10385.
10
What is the remainder when 16799 is divided by 42?
41
What is the remainder when 38698 is divided by 12856?
130
Calculate the remainder when 29462 is divided by 160.
22
What is the remainder when 24292 is divided by 14?
2
What is the remainder when 83846 is divided by 11977?
7
What is the remainder when 293 is divided by 221?
72
Calculate the remainder when 5055 is divided by 88.
39
Calculate the remainder when 5292 is divided by 130.
92
What is the remainder when 9661 is divided by 9645?
16
Calculate the remainder when 27375 is divided by 13674.
27
Calculate the remainder when 289058 is divided by 596.
594
Calculate the remainder when 57821 is divided by 470.
11
Calculate the remainder when 220900 is divided by 14726.
10
Calculate the remainder when 434 is divided by 213.
8
What is the remainder when 6311 is divided by 3059?
193
Calculate the remainder when 76635 is divided by 1238.
1117
Calculate the remainder when 279791 is divided by 24.
23
Calculate the remainder when 12716 is divided by 1460.
1036
Calculate the remainder when 34207 is divided by 417.
13
What is the remainder when 202757 is divided by 33?
5
Calculate the remainder when 13388 is divided by 55.
23
Calculate the remainder when 9902 is divided by 143.
35
Calculate the remainder when 1208 is divided by 132.
20
Calculate the remainder when 103093 is divided by 51544.
5
Calculate the remainder when 1223 is divided by 792.
431
Calculate the remainder when 214312 is divided by 23.
21
Calculate the remainder when 5506 is divided by 56.
18
Calculate the remainder when 55331 is divided by 146.
143
What is the remainder when 20083 is divided by 72?
67
What is the remainder when 65215 is divided by 1420?
1315
What is the remainder when 356395 is divided by 78?
13
Calculate the remainder when 60581 is divided by 122.
69
Calculate the remainder when 149404 is divided by 42.
10
What is the remainder when 74687 is divided by 332?
319
Calculate the remainder when 292774 is divided by 175.
174
Calculate the remainder when 12769 is divided by 1109.
570
Calculate the remainder when 43191 is divided by 320.
311
Calculate the remainder when 976769 is divided by 10.
9
What is the remainder when 1827 is divided by 15?
12
What is the remainder when 16046 is divided by 14?
2
What is the remainder when 16465 is divided by 51?
43
Calculate the remainder when 130977 is divided by 143.
132
Calculate the remainder when 4474 is divided by 4381.
93
Calculate the remainder when 25 is divided by 7.
4
What is the remainder when 921491 is divided by 69?
65
Calculate the remainder when 579 is divided by 112.
19
What is the remainder when 1382651 is divided by 199?
198
Calculate the remainder when 407536 is divided by 1415.
16
What is the remainder when 6503 is divided by 304?
119
What is the remainder when 277485 is divided by 25?
10
Calculate the remainder when 111055 is divided by 4113.
4
What is the remainder when 30259 is divided by 344?
331
What is the remainder when 10631 is divided by 294?
47
Calculate the remainder when 30993 is divided by 443.
426
What is the remainder when 55679 is divided by 9266?
83
Calculate the remainder when 1186 is divided by 69.
13
What is the remainder when 88167 is divided by 44062?
43
Calculate the remainder when 39093 is divided by 2603.
48
What is the remainder when 1984902 is divided by 53?
52
What is the remainder when 362 is divided by 275?
87
Calculate the remainder when 1642 is divided by 35.
32
Calculate the remainder when 6748 is divided by 155.
83
Calculate the remainder when 126732 is divided by 905.
32
Calculate the remainder when 766 is divided by 140.
66
What is the remainder when 33600 is divided by 8398?
8
Calculate the remainder when 5196 is divided by 243.
93
Calculate the remainder when 30378 is divided by 53.
9
What is the remainder when 5486911 is divided by 32?
31
Calculate the remainder when 4296596 is divided by 35.
31
Calculate the remainder when 23145 is divided by 671.
331
What is the remainder when 27714 is divided by 100?
14
Calculate the remainder when 18216 is divided by 18156.
60
What is the remainder when 6869 is divided by 761?
20
What is the remainder when 5436 is divided by 160?
156
What is the remainder when 10064 is divided by 4383?
1298
What is the remainder when 5722 is divided by 87?
67
What is the remainder when 49112 is divided by 118?
24
What is the remainder when 125542 is divided by 878?
866
Calculate the remainder when 2740 is divided by 1305.
130
What is the remainder when 41337 is divided by 1656?
1593
What is the remainder when 45917 is divided by 17?
0
Calculate the remainder when 1231 is divided by 1151.
80
Calculate the remainder when 15762 is divided by 15761.
1
What is the remainder when 13380 is divided by 1673?
1669
What is the remainder when 1287311 is divided by 12?
11
Calculate the remainder when 23859 is divided by 7941.
36
Calculate the remainder when 24018 is 